15 - (-1 - -9)).
58
What is the value of (-32 - (-19 + 19)) + 41 - 136?
-127
-30 - (46 + -60 + 4 - (-6 + 0))
-26
What is (4 + 5 - (3 - (0 - -2))) + (2 - -48)?
58
What is 24 + 0 + (18 - 23) - (-749 + 784)?
-16
Calculate (-13 + (-12 - -23) - 8 - -8) + 8 + 0.
6
Evaluate -41 + 71 + 3 + (-10 - (4 + -1)).
20
94 + 70 + (-93 - -16)
87
What is -61 - ((-19 - (22 + -52 - -7)) + 0 + 1)?
-66
Calculate -96 - (-45 + -11) - (-1 - -3 - (-1 - -2)).
-41
What is the value of (4 + (10 - 9) - 8) + -22 + (-92 - -88)?
-29
What is 8 + (-20 - (42 + 17 + -38))?
-33
What is the value of -16 + (0 - (95 - -1)) + (4062 - 4085)?
-135
Calculate 110 - -19 - (25 + 88).
16
What is the value of 0 + (2 - (-3 + 2)) - (-25 - 18)?
46
Calculate 1 + 2 + -5 + 2 - (-12 + (121 - 58)).
-51
-13 + 8 + 11 + 14 + (-2 - 4)
14
What is -134 - -40 - (-61 - -45)?
-78
What is (-19 - -3) + (-11 - (9 + 2 + 2))?
-40
Evaluate (-2 - (-3 + (-9 - -6))) + -11 + (-56 - -120).
57
Calculate (1 - -19 - (10 - (-11 - -16))) + 8.
23
Evaluate 6 + -6 - 3 - (-740 - -694).
43
What is the value of -10 + 66 + -51 + 1?
6
What is the value of 22 + (42 + -30 - (9 + -1 + 0)) - 8?
18
What is 47 - -3 - ((-2 - (6 - 9)) + -7)?
56
What is the value of (36 - 26) + (-6 - (-11 + (-51 - -9)))?
57
(13 - -56) + -52 + 13
30
(1 - 8 - -151) + -8 + (-1 - -12) + 4
151
Calculate 9 + (87 - 95 - (-5 + 18)).
-12
Calculate 2 + -26 - (-53 + (123 - 54)).
-40
Evaluate 120 + 112 + (35 - 219).
48
53 + -29 - (21 - 33 - 0)
36
Evaluate -188 - -107 - -89 - (1 - 39).
46
Evaluate 0 + -11 + 59 + -202 + 155.
1
-2 + -12 - ((9 + 3 - (-199 - -190)) + -12)
-23
Evaluate -32 + (3 - (-18 - (78 - -14))) + -8 + 1.
74
What is the value of (2 + -14 + 10 - (2 - -3)) + (-87 - -26)?
-68
Calculate -40 - (-7 - 0 - (-5 + (25 - 19) + -20)).
-52
What is the value of 24 + -3 + (1 - -7 - 26)?
3
-140 - -116 - (40 + -1)
-63
Evaluate -2 + 34 + (-39 - (-15 - 15)).
23
What is (-1736 - -1729) + 14 + -4 + (1 - 1)?
3
Calculate (26 - (7 + -2)) + -36.
-15
What is -64 + (18 - (4 - -11)) + (-15 - -4) + 4?
-68
What is the value of 65 + (-2 - (0 - (32 + 16 + -28)))?
83
Calculate 5 + 44 + -68 - -12.
-7
What is 5 + (20 + -2 - (7 - -21))?
-5
Calculate 47 + 25 + -59 - 67.
-54
What is the value of 78 + -5 + (-193 + 196 - (-1 + -4)) + -4?
77
What is the value of 11 + 77 + -28 + -28?
32
-37236 - -37196 - (0 - 1 - (-9 - 0)) - 16
-64
What is the value of 0 + -7 - (31 - 44) - (-1 + -14 + 121)?
-100
What is -88 + (-4 - 14) + (-55 - -73)?
-88
What is 4610 + -4646 + (0 - -56)?
20
What is the value of 5 - 30 - 0 - (3 + -16)?
-12
Evaluate 117 + -93 - 130 - -53.
-53
(135 - 187) + -4 + 74
18
What is (1 - 7) + (-85 + 68 - -9)?
-14
Calculate (58 - (-83 + 140)) + -9 + (2 - 4) + 3.
-7
Evaluate 144 + -80 + 7 + 16 + 31.
118
What is -1 + -6 - (-108 + (-95 - -183))?
13
What is the value of (51 - -2) + (-1418 - -1339)?
-26
What is the value of 2 + 3 + -6 + 8 - (12 - (8 + 27))?
30
What is the value of (8 - 13) + (1 - -12) + -2 + 24 + -43?
-13
What is the value of (-10 - -21) + 4 + (66 - -5) + -9 + 2?
79
What is -7986 - -8071 - (-2 + 3 + 0 + 3)?
81
78 + (-10 + -23 - -1) - (6 - 0)
40
Evaluate -24 - -53 - (-47 + 2 + 16).
58
What is the value of 48 - (0 + 5 + (-6 - (-15 + 3)))?
37
What is the value of 2 + 12 + 0 + (-73 - (-48 - 39))?
28
What is the value of 95 + 9 + -26 - 2 - 20?
56
(8 - (7 + (-10 - -14))) + 70
67
What is 41 + -3 - 6 - (28 - (0 + 42))?
46
-61 - -36 - (-11 + -20) - 28
-22
What is the value of -13 - (-1 - 0 - (-1 - -4)) - -19?
10
What is 1 + -4 - -2 - -6 - ((-8 - 27) + 45)?
-5
What is the value of 46 + -17 + -10 + (0 - -12)?
31
Evaluate 42 + 61 + (2 - (-7 - -12)).
100
Evaluate -85 - (-2 + 45 + -44 + -9).
-75
Evaluate (-5 - (19 - 17 - -2) - 15) + 12.
-12
Evaluate (-35 - (1 - -10)) + (51 - 34).
-29
What is 76 - (-7 + 10) - (-517 + 496)?
94
What is the value of 674 + -679 + 1 + 2 + -9?
-11
What is 53 - (-49 - -26 - -51 - 39)?
64
What is 15 - 38 - -34 - (-33 - (4 + 1 - 2))?
47
Evaluate -2 + 95 - ((-58 - -40) + 48).
63
What is the value of (-36 + 41 - 11) + -49?
-55
Evaluate (87 - 53 - 18 - (-1 + -21)) + 0 + 7.
45
(17 - 9) + (-11 - (18 + -5 - (-12 + 18)))
-10
Evaluate 812 + -820 + (-11 - -8).
-11
Evaluate -11 - (58 - -2 - 112) - ((1 - 2) + -7).
49
What is the value of (3 - 140) + (-3498 - -3680)?
45
What is the value of (3 + 8 + -30 - (3 + (-11 - 2))) + 60?
51
Calculate (-29 + 5 + 37 - -2) + -104 + 5.
-84
1 - ((-1 + -4 - -2) + 790 + -801)
15
-23 + 43 + (-17 - 21)
-18
-108 + -3 + -35 + 43 - (-8 + 4 - -4)
-103
Evaluate -55 - -59 - ((14 - 5) + 3) - 5.
-13
-14 - -1 - (33 - 0 - (38 + -18))
-26
Evaluate -21 + (-8 - 3) + -56 + 78.
-10
Evaluate -27 + 90 - -125 - 103.
85
-4 + (4 - (49 + -36))
-13
What is (-16 - -41) + -76 - -10?
-41
What is -1 + (-8 - ((2 - (8 + 0) - 11) + 9))?
-1
What is -33 + (-9 + (17 - 1) - 23) + 2 + -2?
-49
Calculate (28 - 16 - (5 - -51)) + 6 + 5.
-33
0 + 6 - (-2 + -29 - 34)
71
-89 + 6 + (349 - 291)
-25
What is the value of 0 + 28 - (-216 + 228) - 77?
-61
What is 4 + 0 + -7 + (-39 - -89 - -21)?
68
Evaluate (35 - ((39 - 17) + -115)) + -10.
118
What is (-19 - 0) + (-6008 - -6045)?
18
What is the value of 11 + (30 - 39 - (-4 - (14 + -4)))?
16
What is the value of 12 + (10 - 24 - (5 + 11)) - 7?
-25
Evaluate 55 - (133 - 68 - 17).
7
(-4343 - -4415) + 1 + -24
49
What is the value of 166 - 3 - (-88 + 96) - (-4 - -17)?
142
What is -21 - -4 - ((-5 - 19) + 74)?
-67
19 + -42 + (6 - (-6 + 0))
-11
What is 4 - (30 + -17 + -12) - (-1 + 2 + -6)?
8
-37 - (-5 + -30 + 32)
-34
-55 + 146 + -105 + -68
-82
Evaluate -3 + -37 + -34 - (-36 - -36).
-74
2 + 15 + 24 - (-8 + -2 - -6)
45
Calculate (-2044 - -2023) + (83 - 1).
61
5 + (-12 + 32 - 14) + -9 + -69
-67
11 + -5 + (-6 - (35 - -3)) + -7
-45
(3 - 14) + (6 + -12 - (8 - 25)) - 35
-35
What is the value of -11 - -1 - (-431 - -407) - 59?
-45
-7 - (-19 - -15 - -4) - -42
35
2 + 102 + 16 + -8 + 2 + (-17 - -4)
101
What is the value of -3 - (25 - 23) - -68?
63
What is -4 - ((-164 - -160) + (12 - (1 + 1 + -1)))?
-11
Evaluate (74 - ((-10 - -7) + 6)) + 10 + (-15 - -1).
67
What is 40 + -32 + -3 - (-28 + 3 + -2)?
32
Evaluate -97 + 125 + (-15 - 1) + -57 + 3.
-42
Calculate 3 + -7 + 12 + 4 - 5 - 11.
-4
(-5 - 1 - (17 + -22 + 5 - 10)) + -69
-65
Calculate 72 + 13 + 18 + -52.
51
What is the value of (-5 - -47) + 2 + (7 + 3 - 4) + 0?
50
What is (-5 - -4) + -3 - -67 - (4 + -10 - -14)?
55
Evaluate (42 - 1) + (-31 - -53) + -28 + -3.
32
Evaluate (-61 - (-21 - (-16 - -8))) + (20 - 2 - 8).
-38
Evaluate 55 - (-30 - (42 + -103)).
24
Calculate -332 + 310 + (28 - 1) - 70.
-65
Calculate 60 - 11 - (46 + (-20 - 27)).
50
70 + -50 - -24 - 79
-35
Evaluate (-33 - (34 + -54)) + 33 + 44.
64
What is the value of -22 + 9 + 9 + -7 + (3 - -19)?
11
133 + -98 + -84 + (26 - 15)
-38
Evaluate (575 - 579) + (4 + (-1 - 4) - -28).
23
(2 - (3 - 4)) + -4 - (-63 - -61)
1
What is the value of 10 + (40 - 56) + 54?
48
What is the value of (48 - 90) + -16 + -9 + -73?
-140
Calculate (9 + 69 - 12) + -1 + -5 - -5.
65
Calculate -64 - (12 - -5 - (17 - (8 + 0))).
-72
What is -10 + 11 + -19 + (9 - 14) + 10 - -133?
120
Evaluate -53 + (-99 + 137 - 58).
-73
Evaluate (98 - -3) + -1 + -26 + 1016 + -989.
101
What is 46 + (9 + 0 - (18 - ((-29 - -17) + 7)))?
32
What is 8 + -3 + 6 - 0 - (-149 + 153 + -46)?
53
What is -3 - (-2 + 10 + 5 + (-3 - -91))?
-104
Evaluate (-25 - (-61 - -5)) + 8 + -7 + 4 + -2.
34
Calculate -159 - -143 - (7 + (-2 + 6 - 2) + -1).
-24
What is -1 + -2 + 5 + (-101 + 84 - (2 + 7))?
-24
71 + -19 + -3 - 45
4
What is -87 + -25 + (19 - -18) + -3 + (-1 - -3)?
-76
What is 0 + -72 + (-36 - -32) + (1 - (-17 + 2))?
-60
What is -20 + (2 - -9) + 46 + -129 + 43?
-49
What is -7 + (-108 - 21 - -91)?
-45
Calculate 195 + -234 - (13 + -10 + -115).
73
Calculate -19 + 1 - (164 - (279 - 147)).
-50
What is -1 - (-1 + 11) - (17 + -35 + (168 - 256))?
95
What is the value of (17 + -3 - 10) + (-4 - (-3 - -4) - 23)?
-24
What is 12 - -73 - (-1964 - -1987)?
62
Evaluate (52 - (90 + -51)) + (0 - 56).
-43
What is the value of 36 + (-2 + -19 - (-27 + 48 + -31))?
25
Evaluate (0 - 55) + -60 + 187 + -116.
-44
11 + 1 + -5 - (19 + -27 + 20)
-5
Evaluate -110 - (-95 + (-17 - -61)).
-59
Evaluate 8 + 49 - 49 - -20.
28
What is the value of -4 + 15 + (-596 - -608)?
23
39 - 0 - (316 - 300)
23
-78 + (124 - (31 + 11))
4
What is the value of 33 + -38 - -12 - (6 + -3 + 1) - 